st common factor of 558 and 2250?
18
Calculate the highest common factor of 16 and 752.
16
Calculate the highest common divisor of 387 and 43.
43
Calculate the highest common factor of 721 and 515.
103
Calculate the greatest common factor of 128 and 3968.
128
Calculate the highest common factor of 555 and 285.
15
Calculate the highest common divisor of 32 and 2864.
16
Calculate the greatest common factor of 868 and 2883.
31
Calculate the highest common factor of 1261 and 582.
97
What is the highest common divisor of 68 and 24004?
68
Calculate the greatest common divisor of 7287 and 84.
21
Calculate the greatest common divisor of 10 and 90.
10
Calculate the greatest common divisor of 148 and 288.
4
Calculate the greatest common divisor of 6 and 486.
6
What is the greatest common divisor of 49 and 9653?
49
Calculate the highest common divisor of 64 and 9712.
16
Calculate the highest common divisor of 48 and 528.
48
What is the highest common factor of 112 and 1400?
56
What is the greatest common factor of 44 and 384?
4
What is the greatest common factor of 52 and 546?
26
Calculate the highest common divisor of 2 and 116.
2
What is the greatest common factor of 96 and 36?
12
What is the highest common divisor of 4 and 86?
2
What is the greatest common factor of 7714 and 14?
14
What is the highest common factor of 748 and 204?
68
What is the highest common factor of 124 and 4?
4
Calculate the highest common divisor of 420 and 1155.
105
Calculate the highest common factor of 161 and 14.
7
What is the highest common divisor of 121 and 55?
11
Calculate the greatest common factor of 43252 and 88.
44
Calculate the highest common divisor of 259 and 74.
37
What is the greatest common divisor of 531 and 45?
9
What is the highest common factor of 11 and 9141?
11
Calculate the greatest common factor of 12 and 348.
12
Calculate the greatest common divisor of 2236 and 1376.
172
Calculate the highest common factor of 69 and 15.
3
What is the highest common divisor of 416 and 312?
104
Calculate the highest common divisor of 48 and 1308.
12
What is the greatest common divisor of 6 and 447?
3
Calculate the highest common divisor of 184 and 46.
46
Calculate the greatest common divisor of 3 and 11.
1
What is the highest common factor of 96 and 288?
96
What is the highest common factor of 12 and 4524?
12
Calculate the greatest common divisor of 32 and 8.
8
What is the greatest common divisor of 42 and 30?
6
What is the greatest common divisor of 90 and 405?
45
Calculate the greatest common factor of 22 and 5632.
22
Calculate the greatest common divisor of 9536 and 64.
64
What is the highest common factor of 5041 and 1349?
71
Calculate the greatest common divisor of 6399 and 79.
79
What is the greatest common factor of 36 and 3492?
36
What is the highest common factor of 88 and 770?
22
What is the highest common factor of 5719 and 399?
133
Calculate the greatest common factor of 242 and 253.
11
Calculate the greatest common factor of 19514 and 22.
22
What is the greatest common divisor of 20 and 51930?
10
Calculate the highest common factor of 5198 and 3390.
226
Calculate the greatest common factor of 17 and 8534.
17
Calculate the greatest common divisor of 7426 and 79.
79
Calculate the greatest common divisor of 22 and 759.
11
Calculate the greatest common factor of 8 and 3476.
4
What is the highest common factor of 238 and 70?
14
What is the greatest common factor of 2392 and 69?
23
What is the greatest common divisor of 44 and 52?
4
What is the highest common divisor of 865 and 35?
5
What is the greatest common divisor of 4307 and 59?
59
Calculate the greatest common divisor of 946 and 286.
22
Calculate the greatest common factor of 896 and 476.
28
Calculate the highest common divisor of 58 and 522.
58
What is the highest common divisor of 415 and 20?
5
Calculate the highest common divisor of 5 and 22.
1
Calculate the highest common divisor of 1364 and 62.
62
Calculate the highest common factor of 195 and 429.
39
Calculate the greatest common divisor of 14381 and 197.
197
Calculate the greatest common divisor of 147 and 105.
21
Calculate the greatest common divisor of 4524 and 812.
116
Calculate the greatest common factor of 5100 and 306.
102
What is the greatest common divisor of 177 and 118?
59
What is the highest common factor of 602 and 686?
14
What is the greatest common divisor of 6468 and 56?
28
What is the highest common factor of 1917 and 426?
213
What is the greatest common factor of 874 and 152?
38
Calculate the highest common divisor of 16 and 37552.
16
What is the greatest common factor of 91 and 208?
13
Calculate the highest common factor of 817 and 344.
43
Calculate the highest common divisor of 279 and 124.
31
Calculate the greatest common factor of 3038 and 62.
62
What is the greatest common factor of 690 and 13570?
230
Calculate the greatest common divisor of 374 and 16.
2
What is the greatest common divisor of 3670 and 2?
2
Calculate the greatest common factor of 38916 and 376.
188
Calculate the greatest common factor of 550 and 5.
5
What is the highest common divisor of 25 and 3220?
5
What is the highest common factor of 132 and 44?
44
What is the greatest common factor of 20 and 21920?
20
What is the greatest common factor of 488 and 8?
8
What is the highest common divisor of 88 and 33?
11
Calculate the greatest common divisor of 1664 and 13.
13
Calculate the highest common divisor of 1110 and 18.
6
Calculate the greatest common divisor of 19 and 2052.
19
Calculate the highest common factor of 768 and 14.
2
Calculate the greatest common divisor of 192 and 4776.
24
What is the greatest common divisor of 275 and 11?
11
What is the greatest common divisor of 1426 and 184?
46
What is the highest common divisor of 4818 and 66?
66
Calculate the highest common factor of 22 and 3806.
22
What is the greatest common divisor of 1551 and 11?
11
Calculate the highest common divisor of 462 and 126.
42
What is the greatest common factor of 39000 and 260?
260
Calculate the greatest common divisor of 108 and 306.
18
Calculate the greatest common factor of 1176 and 24.
24
What is the greatest common factor of 18 and 846?
18
What is the greatest common divisor of 33 and 21?
3
Calculate the greatest common factor of 41 and 11603.
41
What is the greatest common factor of 56 and 28?
28
Calculate the highest common divisor of 2522 and 364.
26
Calculate the greatest common factor of 33 and 165.
33
What is the greatest common divisor of 86166 and 18?
18
What is the highest common factor of 144 and 18504?
72
What is the highest common divisor of 6 and 30?
6
What is the greatest common divisor of 9 and 117?
9
Calculate the highest common divisor of 7263 and 27.
27
What is the greatest common factor of 80 and 9840?
80
What is the highest common factor of 56 and 14854?
14
Calculate the highest common factor of 114 and 76.
38
Calculate the greatest common divisor of 440 and 40.
40
Calculate the greatest common factor of 26 and 221.
13
What is the highest common factor of 16 and 296?
8
What is the highest common factor of 4396 and 28?
28
What is the greatest common factor of 24 and 316?
4
What is the greatest common divisor of 22488 and 24?
24
Calculate the greatest common divisor of 91 and 14.
7
Calculate the greatest common divisor of 208 and 5512.
104
Calculate the greatest common divisor of 1548 and 172.
172
What is the greatest common divisor of 1256 and 10205?
157
What is the highest common divisor of 1200 and 64?
16
What is the highest common factor of 63 and 2247?
21
Calculate the highest common divisor of 417 and 23491.
139
What is the highest common divisor of 8210 and 10?
10
Calculate the highest common divisor of 65 and 182.
13
Calculate the highest common divisor of 2838 and 99.
33
What is the highest common factor of 4301 and 23?
23
Calculate the highest common factor of 7 and 231.
7
What is the greatest common divisor of 528 and 440?
88
What is the highest common factor of 1791 and 12139?
199
What is the greatest common factor of 8554 and 56?
14
What is the greatest common divisor of 80 and 1240?
40
Calculate the greatest common factor of 1400 and 1920.
40
What is the greatest common factor of 286 and 44?
22
Calculate the greatest common divisor of 128 a